s the ten millions digit of 22089804?
2
What is the ten thousands digit of 3275373?
7
What is the hundreds digit of 1694409?
4
What is the thousands digit of 661598?
1
What is the thousands digit of 349578?
9
What is the millions digit of 1656508?
1
What is the units digit of 1355391?
1
What is the millions digit of 25845261?
5
What is the hundred thousands digit of 8841995?
8
What is the hundreds digit of 1484460?
4
What is the ten thousands digit of 242731?
4
What is the thousands digit of 7601280?
1
What is the hundred thousands digit of 2719644?
7
What is the units digit of 25773786?
6
What is the ten thousands digit of 7797586?
9
What is the hundreds digit of 144784?
7
What is the hundred thousands digit of 287109?
2
What is the hundreds digit of 303319?
3
What is the thousands digit of 50337?
0
What is the tens digit of 258445?
4
What is the thousands digit of 706842?
6
What is the ten thousands digit of 109374?
0
What is the hundred thousands digit of 3443764?
4
What is the thousands digit of 296354?
6
What is the units digit of 6426267?
7
What is the ten thousands digit of 4459520?
5
What is the units digit of 150959?
9
What is the ten thousands digit of 50745?
5
What is the thousands digit of 1108475?
8
What is the units digit of 436360?
0
What is the tens digit of 353567?
6
What is the ten thousands digit of 215123?
1
What is the thousands digit of 6858982?
8
What is the hundreds digit of 2223?
2
What is the ten thousands digit of 1182104?
8
What is the hundred thousands digit of 120114?
1
What is the hundreds digit of 552538?
5
What is the thousands digit of 260034?
0
What is the hundreds digit of 4260764?
7
What is the tens digit of 564199?
9
What is the hundred thousands digit of 1330921?
3
What is the tens digit of 8232465?
6
What is the thousands digit of 1327437?
7
What is the ten thousands digit of 35026?
3
What is the hundreds digit of 383859?
8
What is the millions digit of 21014053?
1
What is the hundred thousands digit of 453712?
4
What is the hundred thousands digit of 477444?
4
What is the tens digit of 140733?
3
What is the thousands digit of 12409307?
9
What is the units digit of 5777624?
4
What is the hundreds digit of 719297?
2
What is the hundred thousands digit of 281555?
2
What is the ten thousands digit of 309570?
0
What is the hundreds digit of 3815601?
6
What is the hundreds digit of 19085277?
2
What is the hundred thousands digit of 4284867?
2
What is the hundred thousands digit of 242488?
2
What is the units digit of 5989171?
1
What is the hundred thousands digit of 845586?
8
What is the ten thousands digit of 206182?
0
What is the hundred thousands digit of 2700833?
7
What is the thousands digit of 891495?
1
What is the thousands digit of 11499?
1
What is the thousands digit of 18114117?
4
What is the hundreds digit of 2731935?
9
What is the tens digit of 786601?
0
What is the hundred thousands digit of 776146?
7
What is the ten millions digit of 12553076?
1
What is the thousands digit of 672659?
2
What is the hundred thousands digit of 700291?
7
What is the units digit of 6864775?
5
What is the thousands digit of 652745?
2
What is the millions digit of 1869798?
1
What is the thousands digit of 2458330?
8
What is the hundreds digit of 326736?
7
What is the hundreds digit of 89629?
6
What is the units digit of 623489?
9
What is the tens digit of 2367249?
4
What is the ten thousands digit of 3859576?
5
What is the ten thousands digit of 15469560?
6
What is the hundred thousands digit of 30196411?
1
What is the thousands digit of 99242?
9
What is the tens digit of 11188?
8
What is the ten thousands digit of 89600?
8
What is the hundred thousands digit of 272787?
2
What is the units digit of 5325309?
9
What is the ten millions digit of 15602945?
1
What is the tens digit of 117786?
8
What is the thousands digit of 1733250?
3
What is the ten thousands digit of 219162?
1
What is the units digit of 1365546?
6
What is the tens digit of 1005455?
5
What is the ten thousands digit of 1955887?
5
What is the hundreds digit of 92281?
2
What is the tens digit of 317907?
0
What is the units digit of 219032?
2
What is the tens digit of 330651?
5
What is the thousands digit of 1473285?
3
What is the millions digit of 1252759?
1
What is the units digit of 38615177?
7
What is the thousands digit of 58754?
8
What is the hundred thousands digit of 1092856?
0
What is the hundred thousands digit of 11572113?
5
What is the units digit of 10248558?
8
What is the thousands digit of 4663210?
3
What is the hundreds digit of 5409708?
7
What is the thousands digit of 23826368?
6
What is the hundreds digit of 555518?
5
What is the ten thousands digit of 542181?
4
What is the ten thousands digit of 1005853?
0
What is the hundreds digit of 4789161?
1
What is the thousands digit of 673672?
3
What is the tens digit of 357382?
8
What is the thousands digit of 3478435?
8
What is the tens digit of 545779?
7
What is the thousands digit of 1013731?
3
What is the units digit of 7075130?
0
What is the millions digit of 5706751?
5
What is the hundreds digit of 86122?
1
What is the hundred thousands digit of 140618?
1
What is the hundred thousands digit of 2114088?
1
What is the hundreds digit of 231119?
1
What is the millions digit of 41810244?
1
What is the tens digit of 2463767?
6
What is the ten thousands digit of 6392392?
9
What is the hundred thousands digit of 230745?
2
What is the hundreds digit of 10080616?
6
What is the thousands digit of 33389726?
9
What is the hundred thousands digit of 260415?
2
What is the ten thousands digit of 343120?
4
What is the tens digit of 1617?
1
What is the units digit of 281193?
3
What is the hundred thousands digit of 332990?
3
What is the ten thousands digit of 647021?
4
What is the tens digit of 762175?
7
What is the units digit of 2922564?
4
What is the units digit of 677943?
3
What is the millions digit of 13057897?
3
What is the hundreds digit of 15736528?
5
What is the units digit of 9426630?
0
What is the thousands digit of 39458368?
8
What is the tens digit of 172346?
4
What is the hundred thousands digit of 428353?
4
What is the thousands digit of 856475?
6
What is the tens digit of 110192?
9
What is the units digit of 1285083?
3
What is the units digit of 27085297?
7
What is the units digit of 7530?
0
What is the thousands digit of 3425807?
5
What is the thousands digit of 309423?
9
What is the thousands digit of 180582?
0
What is the units digit of 1529563?
3
What is the tens digit of 284546?
4
What is the units digit of 166259?
9
What is the units digit of 16777553?
3
What is the ten thousands digit of 27045?
2
What is the tens digit of 310414?
1
What is the hundred thousands digit of 4534532?
5
What is the tens digit of 2620757?
5
What is the ten thousands digit of 3662242?
6
What is the ten thousands digit of 368569?
6
What is the hundreds digit of 3536269?
2
What is the ten thousands digit of 150601?
5
What is the tens digit of 1741748?
4
What is the thousands digit of 118321?
8
What is the hundreds digit of 17326859?
8
What is the hundreds digit of 16964237?
2
What is the hundred thousands digit of 243535?
2
What is the tens digit of 165876?
7
What is the thousands digit of 824101?
4
What is the units digit of 16302622?
2
What is the units digit of 39831?
1
What is the hundreds digit of 137059?
0
What is the thousands digit of 6374093?
4
What is the tens digit of 705845?
4
What is the units digit of 5442648?
8
What is the hundred thousands digit of 237313?
2
What is the units digit of 24322734?
4
What is the thousands digit of 14685?
4
What is the tens digit of 512424?
2
What is the hundreds digit of 717073?
0
What is the hundreds digit of 202217?
2
What is the units digit of 26785085?
5
What is the hundred thousands digit of 1263981?
2
What is the ten millions digit of 19420506?
1
What is the units digit of 2710956?
6
What is the tens digit of 7881111?
1
What is the units digit of 569712?
2
What is the thousands digit of 321285?
1
What is the millions digit of 14140438?
4
What is the hundred thousands digit of 1481958?
4
What is the ten millions digit of 24947272?
2
What is the tens digit of 16136357?
5
What is the units digit of 2134394?
4
What is the hundreds digit of 4737171?
1
What is 